pose -t*b + 48 = 4*c, -2*b + c = b - 28. What are the prime factors of b?
2, 5
Let n = -59 + 77. What are the prime factors of n?
2, 3
Let k = 16 - 22. Let x(i) = -i**3 - 6*i - 1 - i**2 - 2*i - 6*i**2. List the prime factors of x(k).
11
Suppose -2*z + 108 = 2*z. Let g = z + -40. Let i = -2 - g. What are the prime factors of i?
11
Let c(s) = -8*s - 6. What are the prime factors of c(-13)?
2, 7
Suppose 0 = 2*g - j + 26, j - 13 = g - 3*j. Let z = 20 + g. What are the prime factors of z?
7
Let t = -3 + 10. Suppose t*r - 2*r + 20 = 0. What are the prime factors of 0 - 6/r*2?
3
List the prime factors of (15/5)/((-6)/(-38)).
19
Let u be -1 + 0 - (-4 + -5). Let h(x) = 2*x - 7. List the prime factors of h(u).
3
Let z(p) = -2*p**2 - 1 + 1 + 8*p**2. What are the prime factors of z(1)?
2, 3
Let o = 269 - -135. What are the prime factors of o?
2, 101
Let c(q) be the second derivative of q**5/60 + q**4/6 + q**3/3 + q**2/2 - 2*q. Let k(r) be the first derivative of c(r). What are the prime factors of k(-4)?
2
Let b be (-23 - -2)/(6/(-16)). Suppose -b = -5*v + 14. List the prime factors of v.
2, 7
Let w be -1*3/(-6)*0. Let a = 2 - w. List the prime factors of a.
2
Let m(j) = 2*j**2 + 1 + 39*j - 3 - 37*j. Let d be m(2). Let b = d - 5. What are the prime factors of b?
5
Let d(b) = -6*b**2. Let m be d(-1). Let c = 0 + m. What are the prime factors of (-4)/c - (-30)/9?
2
Let f(r) = -3*r**3 + 2 + r**2 - r**3 + 3*r**3 + 3*r**2. Let h be f(4). Let o(n) = n**3 + 2*n - 2. List the prime factors of o(h).
2, 5
Suppose -3*h + 12 = 2*i, -4*i - 5 = -4*h - 29. Let a(w) = 12*w**2 - 2. Let y be a(-2). List the prime factors of y/i - (-5)/15.
2
Let j = 3 - -10. What are the prime factors of j?
13
Let s be 2*(84/8)/(-7). What are the prime factors of 26 + -4 + s/(-1)?
5
Let v(f) = -5*f**2 - 3*f - 35. Let c(l) = -3*l**2 - 2*l - 23. Let w(a) = -8*c(a) + 5*v(a). Suppose 0*o = 8*o. What are the prime factors of w(o)?
3
Let j = -2 - -7. Suppose -2*d - 5*n = 9, 0*n = 5*d + j*n. What are the prime factors of d?
3
Let j(u) = -u**2 + 8*u - 5. Let f(d) = d**3 + d + 5. Let c be f(0). Suppose -2*l + 2*s = -8, -3*l + c*s = -4 - 6. List the prime factors of j(l).
2, 5
Suppose -8*v = -1741 + 333. List the prime factors of v.
2, 11
Suppose -f = -2*f - 4*v - 5, f - 1 = -2*v. What are the prime factors of f?
7
Suppose -2*n + 10 = 0, -3*f - 2*n - 63 = -247. What are the prime factors of f?
2, 29
Suppose -5*t - 10 = -0. Let n = t - -6. Let x = 1 + n. List the prime factors of x.
5
Suppose -2*w = -0*w + 10. What are the prime factors of (w + 2)/(-3) - -5?
2, 3
Suppose 4*f = -5*z + 84, -24 + 4 = 5*z. What are the prime factors of f?
2, 13
Suppose -6*d + 507 = -381. List the prime factors of d.
2, 37
Let f(c) = -2*c**3 + 4*c**2 - 2*c. Let w be f(2). Let z be (5 - 4)*(1 - 7). Let d = w - z. What are the prime factors of d?
2
Let o(t) = -2*t**3 - t**2 - t + 44. List the prime factors of o(0).
2, 11
Let h be (6/2)/3 - 0. Suppose 0*m - h = -m + 3*p, 4*p = -5*m + 5. Suppose i + 2*i - 18 = -4*z, 0 = 2*i - z - m. What are the prime factors of i?
2
Suppose 5*x = -0*x + 35. Let j = -3 + x. Suppose 2*l = 16 - j. List the prime factors of l.
2, 3
Let z(q) = 2*q - 1 + 1 - 3*q. List the prime factors of z(-10).
2, 5
Let m(z) = -z**3 + 6*z**2 - 5*z + 4. Let f(i) = -i**3 - 6*i**2 - 6*i. Let b be f(-5). What are the prime factors of m(b)?
2
Suppose 3*a - 127 = 23. Suppose -4*v + 78 = -a. Suppose 2*l - 16 = -2*y, 0*l = 5*l + y - v. List the prime factors of l.
2, 3
Suppose -6 = 5*h - 26. Suppose 0*b - 3*x - 6 = 2*b, 0 = -2*b + 5*x + 10. Suppose 0 = -4*t + 3*t - h*y, 4*t + y - 15 = b. What are the prime factors of t?
2
Let m(j) = -1. Let y(b) = b + 6. Let r(s) = -2*m(s) - y(s). Suppose -17 - 13 = 5*i. What are the prime factors of r(i)?
2
Suppose 0 = -5*z + a - 131, 4*z - 60 = -5*a - 159. Let s = z - -45. What are the prime factors of s?
19
Let s(g) = g**2 + 3*g - 1. Let i(c) = -c - 7. Let a be i(-5). Let z be s(a). Let t = 3 - z. List the prime factors of t.
2, 3
Suppose 0 = 22*f - 27*f + 800. List the prime factors of f.
2, 5
List the prime factors of (1 + -2)*(-3 + -54).
3, 19
Let i = -17 - -39. Let s = -7 + i. What are the prime factors of s?
3, 5
Let r(z) = 7*z**3 - z**2 - 3*z + 11. Let n(v) = 8*v**3 - 2*v**2 - 3*v + 12. Let p = 7 - 14. Let x(s) = p*r(s) + 6*n(s). What are the prime factors of x(-6)?
13
Let j = -12 - -31. What are the prime factors of j?
19
Let b(t) = -t**3 - 8*t**2 - 3*t + 3. List the prime factors of b(-8).
3
Suppose 2*r = 3*i - 3*r - 8, -r = 3*i - 2. Suppose 0*h = h - 4*o, -5*h - 5*o = -25. Suppose h*z - i = 23. What are the prime factors of z?
2, 3
Suppose -2*l + 117 = 37. What are the prime factors of l?
2, 5
Suppose 132 - 17 = 5*m. List the prime factors of m.
23
Suppose -2*u = 4*w - 12, w - 2*u = -w - 6. Suppose 3 - 10 = -v. What are the prime factors of (w - 0) + v + 2?
2, 5
Let z = -173 + 551. List the prime factors of z/22 + (-14)/77.
17
Suppose -2*m = -546 - 48. What are the prime factors of m?
3, 11
Suppose -4*j = j + 2*d - 489, -184 = -2*j + 5*d. List the prime factors of j.
97
Suppose 6*r = -8*r + 1456. List the prime factors of r.
2, 13
Let a(h) = -3 + 2 - 3*h + 0 - 5. Let r be 2/7 - 88/14. List the prime factors of a(r).
2, 3
List the prime factors of ((-106)/6)/(7/(-21)).
53
Suppose -2*p + 37 - 11 = 0. List the prime factors of p.
13
Let m(z) = 38*z - 1. Let a be m(1). Let x = a - 17. What are the prime factors of x?
2, 5
Suppose -3*k - 357 = -5*y, -y - k - k + 74 = 0. List the prime factors of y.
2, 3
Let x(z) = -4*z**3 + z**3 + 2*z**3 - z**2. Let v be x(-2). Suppose 19 = v*d - 1. What are the prime factors of d?
5
Let i(d) be the third derivative of -d**6/24 + d**5/60 + d**4/24 + d**3/6 + 3*d**2. Let q be i(-1). Let l = q - 2. List the prime factors of l.
2
Suppose -2 = 5*u - 6*u. Suppose -u*d + 91 - 31 = 0. List the prime factors of (d/3)/2*1.
5
Suppose 0*k - 4 = -k. Suppose m + 11 = 3*s, 3*m + 9*s - k*s + 19 = 0. What are the prime factors of (-29)/(-4) + 2/m?
7
Suppose -4*s + 0*m - 3*m + 38 = 0, 5*m = 2*s - 32. List the prime factors of s.
11
Let x(z) be the second derivative of -z**4/12 + 3*z**3/2 - 2*z**2 - z. Let w be x(8). Suppose -w - 11 = -5*f. What are the prime factors of f?
3
Suppose 5*j = 25, 0*o - o = j - 1. Let x = o - 1. Let b = x + 10. What are the prime factors of b?
5
Let t = -28 + 40. Suppose t = 2*b - 10. What are the prime factors of b?
11
Suppose 0 = -5*z + 4*h + 12, 4*h + 11 - 3 = 4*z. Let q = z - -3. List the prime factors of q.
7
Let a = 672 + -461. List the prime factors of a.
211
Let z(x) = 5*x + x**3 - 4*x**2 - 4*x + 2*x - 2*x + 5. Suppose 2 - 14 = -3*n. What are the prime factors of z(n)?
3
Let x(g) = -31*g. List the prime factors of x(-2).
2, 31
Let g = -8 - -8. Suppose -3*n + 63 = -g*i - 2*i, 0 = 5*n - 2*i - 101. List the prime factors of n.
19
Suppose t = -4*t + 355. What are the prime factors of t?
71
Suppose 0*c + 90 = 5*c. Suppose -4*r + 3*r = -c. What are the prime factors of r?
2, 3
Let u(q) = -q**3 + 5*q**2 - 4*q + 2. Let f(k) = -4*k**3 - k**2 - k. Let g be f(-1). Let y be u(g). What are the prime factors of ((-15)/(-20))/(y/16)?
2, 3
Let g(r) = 6*r + 18. List the prime factors of g(6).
2, 3
Let h = 13 + -13. Suppose 4*u + 3*z - 91 = h, 4*u = -2*z + 68 + 22. List the prime factors of u.
2, 11
Let x = 10 - 6. Suppose -3*c + 3*j = 8*j - 18, -5*j + 14 = -c. List the prime factors of 2 + (x - (c - 2)).
7
Suppose 5*d - 208 = 3*f, -f + 115 = 3*d - 21. List the prime factors of d.
2, 11
Let w = -16 + 31. What are the prime factors of w?
3, 5
Suppose 80 = 4*i - 4*h, -4*i + h - 68 = -7*i. Suppose 0 = 2*t - 4*t + i. List the prime factors of t.
11
What are the prime factors of (-3 - 51/(-6))*10*1?
5, 11
Let d be (-3)/6*30/(-3). Suppose 0 = 5*a - d - 30. What are the prime factors of a?
7
Let o = -3 + 6. Let q = o + 8. Suppose -y - 2 = -q. List the prime factors of y.
3
Suppose -2*g - 37 - 3 = 0. Let j = 33 + g. What are the prime factors of j?
13
Let s = -79 - -111. What are the prime factors of s?
2
Suppose 0*y + 3*n - 20 = -4*y, 0 = 4*n - 16. List the prime factors of 20/y - (5 - 3).
2
Suppose 0 = 3*x + 5*u + 31 - 116, 105 = 4*x + 5*u. List the prime factors of x.
2, 5
Let g = -45 - -76. What are the prime factors of g?
31
Let t(w) = w - 14. 